{"id":4423,"date":"2025-09-15T09:03:53","date_gmt":"2025-09-15T12:03:53","guid":{"rendered":"https:\/\/ifdcregina.edu.ar\/sitio\/?page_id=4423"},"modified":"2025-09-15T09:06:07","modified_gmt":"2025-09-15T12:06:07","slug":"alcance-del-titulo","status":"publish","type":"page","link":"https:\/\/ifdcregina.edu.ar\/sitio\/alcance-del-titulo\/","title":{"rendered":"Alcance del T\u00edtulo"},"content":{"rendered":"\t\t<div data-elementor-type=\"wp-page\" data-elementor-id=\"4423\" class=\"elementor elementor-4423\">\n\t\t\t\t\t\t\t\t\t<section class=\"elementor-section elementor-top-section elementor-element elementor-element-c5a9856 elementor-section-boxed elementor-section-height-default elementor-section-height-default\" data-id=\"c5a9856\" data-element_type=\"section\">\n\t\t\t\t\t\t<div class=\"elementor-container elementor-column-gap-default\">\n\t\t\t\t\t<div class=\"elementor-column elementor-col-100 elementor-top-column elementor-element elementor-element-873c575\" data-id=\"873c575\" data-element_type=\"column\">\n\t\t\t<div class=\"elementor-widget-wrap elementor-element-populated\">\n\t\t\t\t\t\t\t\t<div class=\"elementor-element elementor-element-c780b5c elementor-widget elementor-widget-text-editor\" data-id=\"c780b5c\" data-element_type=\"widget\" data-widget_type=\"text-editor.default\">\n\t\t\t\t<div class=\"elementor-widget-container\">\n\t\t\t<style>\/*! elementor - v3.11.1 - 15-02-2023 *\/\n.elementor-widget-text-editor.elementor-drop-cap-view-stacked .elementor-drop-cap{background-color:#818a91;color:#fff}.elementor-widget-text-editor.elementor-drop-cap-view-framed .elementor-drop-cap{color:#818a91;border:3px solid;background-color:transparent}.elementor-widget-text-editor:not(.elementor-drop-cap-view-default) .elementor-drop-cap{margin-top:8px}.elementor-widget-text-editor:not(.elementor-drop-cap-view-default) .elementor-drop-cap-letter{width:1em;height:1em}.elementor-widget-text-editor .elementor-drop-cap{float:left;text-align:center;line-height:1;font-size:50px}.elementor-widget-text-editor .elementor-drop-cap-letter{display:inline-block}<\/style>\t\t\t\t<p>El\/la profesor\/a de Lengua y Literatura estar\u00e1 capacitado\/a para cumplir con las funciones que requiere la vida institucional y acad\u00e9mica de la escuela secundaria, esto es tanto planificar, conducir y evaluar procesos de ense\u00f1anza y de aprendizaje de un grupo-clase, como dise\u00f1ar, ejecutar y evaluar proyectos de investigaci\u00f3n-acci\u00f3n y participar en equipos interdisciplinarios para la elaboraci\u00f3n, ejecuci\u00f3n y evaluaci\u00f3n de proyectos institucionales.<br \/><br \/>Por otro lado, su preparaci\u00f3n le permitir\u00e1 desempe\u00f1arse como asesor\/a de planificaciones curriculares e investigaci\u00f3n educativa en organismos e instituciones oficiales y privadas, as\u00ed como intervenir y asesorar en pol\u00edtica estatal y privada de ense\u00f1anza y acci\u00f3n cultural.<br \/><br \/>Su formaci\u00f3n le permitir\u00e1, adem\u00e1s, trabajar como corrector\/a en empresas editoriales o en el asesoramiento t\u00e9cnico para la publicaci\u00f3n de obras vinculadas con el campo de conocimiento de la lengua y la literatura para la Educaci\u00f3n Secundaria, trabajar en periodismo especializado en publicaciones referidas a la lengua y la literatura, y producir ensayos, libros y materiales curriculares relativos a investigaciones desarrolladas en el campo disciplinar de la lengua, la literatura, la cr\u00edtica\u00a0 y la did\u00e1ctica de la lengua y la literatura para la Educaci\u00f3n Secundaria.<\/p>\t\t\t\t\t\t<\/div>\n\t\t\t\t<\/div>\n\t\t\t\t\t<\/div>\n\t\t<\/div>\n\t\t\t\t\t\t\t<\/div>\n\t\t<\/section>\n\t\t\t\t\t\t\t<\/div>\n\t\t","protected":false},"excerpt":{"rendered":"<p>El\/la profesor\/a de Lengua y Literatura estar\u00e1 capacitado\/a para cumplir con las funciones que requiere la vida institucional y acad\u00e9mica de la escuela secundaria, esto es tanto planificar, conducir y evaluar procesos de ense\u00f1anza y de aprendizaje de un grupo-clase, como dise\u00f1ar, ejecutar y evaluar proyectos de investigaci\u00f3n-acci\u00f3n y participar en equipos interdisciplinarios para la [&hellip;]<\/p>\n","protected":false},"author":3,"featured_media":0,"parent":0,"menu_order":0,"comment_status":"closed","ping_status":"closed","template":"","meta":{"footnotes":""},"class_list":["post-4423","page","type-page","status-publish","hentry"],"_links":{"self":[{"href":"https:\/\/ifdcregina.edu.ar\/sitio\/wp-json\/wp\/v2\/pages\/4423","targetHints":{"allow":["GET"]}}],"collection":[{"href":"https:\/\/ifdcregina.edu.ar\/sitio\/wp-json\/wp\/v2\/pages"}],"about":[{"href":"https:\/\/ifdcregina.edu.ar\/sitio\/wp-json\/wp\/v2\/types\/page"}],"author":[{"embeddable":true,"href":"https:\/\/ifdcregina.edu.ar\/sitio\/wp-json\/wp\/v2\/users\/3"}],"replies":[{"embeddable":true,"href":"https:\/\/ifdcregina.edu.ar\/sitio\/wp-json\/wp\/v2\/comments?post=4423"}],"version-history":[{"count":7,"href":"https:\/\/ifdcregina.edu.ar\/sitio\/wp-json\/wp\/v2\/pages\/4423\/revisions"}],"predecessor-version":[{"id":4431,"href":"https:\/\/ifdcregina.edu.ar\/sitio\/wp-json\/wp\/v2\/pages\/4423\/revisions\/4431"}],"wp:attachment":[{"href":"https:\/\/ifdcregina.edu.ar\/sitio\/wp-json\/wp\/v2\/media?parent=4423"}],"curies":[{"name":"wp","href":"https:\/\/api.w.org\/{rel}","templated":true}]}}