{"id":2335,"date":"2022-09-20T17:04:20","date_gmt":"2022-09-20T20:04:20","guid":{"rendered":"https:\/\/ifdcregina.edu.ar\/sitio\/?page_id=2335"},"modified":"2025-11-06T10:23:13","modified_gmt":"2025-11-06T13:23:13","slug":"revista-urdimbres-no6","status":"publish","type":"page","link":"https:\/\/ifdcregina.edu.ar\/sitio\/revista-urdimbres-no6\/","title":{"rendered":"Revista Urdimbres N\u00ba6"},"content":{"rendered":"\t\t<div data-elementor-type=\"wp-page\" data-elementor-id=\"2335\" class=\"elementor elementor-2335\">\n\t\t\t\t\t\t\t\t\t<section class=\"elementor-section elementor-top-section elementor-element elementor-element-b7da6e5 elementor-section-boxed elementor-section-height-default elementor-section-height-default\" data-id=\"b7da6e5\" data-element_type=\"section\">\n\t\t\t\t\t\t<div class=\"elementor-container elementor-column-gap-default\">\n\t\t\t\t\t<div class=\"elementor-column elementor-col-100 elementor-top-column elementor-element elementor-element-6b784ec\" data-id=\"6b784ec\" data-element_type=\"column\">\n\t\t\t<div class=\"elementor-widget-wrap elementor-element-populated\">\n\t\t\t\t\t\t\t\t<div class=\"elementor-element elementor-element-5b26a7f elementor-icon-list--layout-traditional elementor-list-item-link-full_width elementor-widget elementor-widget-icon-list\" data-id=\"5b26a7f\" data-element_type=\"widget\" data-widget_type=\"icon-list.default\">\n\t\t\t\t<div class=\"elementor-widget-container\">\n\t\t\t<link rel=\"stylesheet\" href=\"https:\/\/ifdcregina.edu.ar\/sitio\/wp-content\/plugins\/elementor\/assets\/css\/widget-icon-list.min.css\">\t\t<ul class=\"elementor-icon-list-items\">\n\t\t\t\t\t\t\t<li class=\"elementor-icon-list-item\">\n\t\t\t\t\t\t\t\t\t\t\t<a href=\"https:\/\/drive.google.com\/file\/d\/1EERcOoHCTEJENbAmqiCwLUcy-Lv5OPEI\/view?usp=sharing\" target=\"_blank\">\n\n\t\t\t\t\t\t\t\t\t\t\t\t<span class=\"elementor-icon-list-icon\">\n\t\t\t\t\t\t\t<i aria-hidden=\"true\" class=\"fas fa-arrow-alt-circle-down\"><\/i>\t\t\t\t\t\t<\/span>\n\t\t\t\t\t\t\t\t\t\t<span class=\"elementor-icon-list-text\">Descargar PDF<\/span>\n\t\t\t\t\t\t\t\t\t\t\t<\/a>\n\t\t\t\t\t\t\t\t\t<\/li>\n\t\t\t\t\t\t<\/ul>\n\t\t\t\t<\/div>\n\t\t\t\t<\/div>\n\t\t\t\t\t<\/div>\n\t\t<\/div>\n\t\t\t\t\t\t\t<\/div>\n\t\t<\/section>\n\t\t\t\t<section class=\"elementor-section elementor-top-section elementor-element elementor-element-56d74b4 elementor-section-boxed elementor-section-height-default elementor-section-height-default\" data-id=\"56d74b4\" data-element_type=\"section\">\n\t\t\t\t\t\t<div class=\"elementor-container elementor-column-gap-default\">\n\t\t\t\t\t<div class=\"elementor-column elementor-col-100 elementor-top-column elementor-element elementor-element-911c6b4\" data-id=\"911c6b4\" data-element_type=\"column\">\n\t\t\t<div class=\"elementor-widget-wrap elementor-element-populated\">\n\t\t\t\t\t\t\t\t<div class=\"elementor-element elementor-element-6bfdc62 elementor-widget elementor-widget-image\" data-id=\"6bfdc62\" data-element_type=\"widget\" data-widget_type=\"image.default\">\n\t\t\t\t<div class=\"elementor-widget-container\">\n\t\t\t<style>\/*! elementor - v3.11.1 - 15-02-2023 *\/\n.elementor-widget-image{text-align:center}.elementor-widget-image a{display:inline-block}.elementor-widget-image a img[src$=\".svg\"]{width:48px}.elementor-widget-image img{vertical-align:middle;display:inline-block}<\/style>\t\t\t\t\t\t\t\t\t\t\t\t<img decoding=\"async\" src=\"https:\/\/lh3.googleusercontent.com\/wpLC2zKwYPz_UrS9-QDh8I_ME14RzxjuTdphepSsutA19i7hPzoWaBSLgtzt9__2t_Az5Fr76hrdMjvCFD7z6BDnWcK0xLhlxpss4C5cdFcBtRWfado7i9btPGSaYX9HQc1T3TXj4Q=w2400\" title=\"\" alt=\"\" class=\"elementor-animation-bounce-out\" loading=\"lazy\" \/>\t\t\t\t\t\t\t\t\t\t\t\t\t\t\t<\/div>\n\t\t\t\t<\/div>\n\t\t\t\t\t<\/div>\n\t\t<\/div>\n\t\t\t\t\t\t\t<\/div>\n\t\t<\/section>\n\t\t\t\t<section class=\"elementor-section elementor-top-section elementor-element elementor-element-c828ac7 elementor-section-boxed elementor-section-height-default elementor-section-height-default\" data-id=\"c828ac7\" data-element_type=\"section\">\n\t\t\t\t\t\t<div class=\"elementor-container elementor-column-gap-default\">\n\t\t\t\t\t<div class=\"elementor-column elementor-col-100 elementor-top-column elementor-element elementor-element-cf867d1\" data-id=\"cf867d1\" data-element_type=\"column\">\n\t\t\t<div class=\"elementor-widget-wrap elementor-element-populated\">\n\t\t\t\t\t\t\t\t<div class=\"elementor-element elementor-element-910f1c2 elementor-widget elementor-widget-heading\" data-id=\"910f1c2\" data-element_type=\"widget\" data-widget_type=\"heading.default\">\n\t\t\t\t<div class=\"elementor-widget-container\">\n\t\t\t<style>\/*! elementor - v3.11.1 - 15-02-2023 *\/\n.elementor-heading-title{padding:0;margin:0;line-height:1}.elementor-widget-heading .elementor-heading-title[class*=elementor-size-]>a{color:inherit;font-size:inherit;line-height:inherit}.elementor-widget-heading .elementor-heading-title.elementor-size-small{font-size:15px}.elementor-widget-heading .elementor-heading-title.elementor-size-medium{font-size:19px}.elementor-widget-heading .elementor-heading-title.elementor-size-large{font-size:29px}.elementor-widget-heading .elementor-heading-title.elementor-size-xl{font-size:39px}.elementor-widget-heading .elementor-heading-title.elementor-size-xxl{font-size:59px}<\/style><h2 class=\"elementor-heading-title elementor-size-default\">A\u00f1o 6. N\u00famero 6. Septiembre 2022<\/h2>\t\t<\/div>\n\t\t\t\t<\/div>\n\t\t\t\t\t<\/div>\n\t\t<\/div>\n\t\t\t\t\t\t\t<\/div>\n\t\t<\/section>\n\t\t\t\t<section class=\"elementor-section elementor-top-section elementor-element elementor-element-0e8b05b elementor-section-boxed elementor-section-height-default elementor-section-height-default\" data-id=\"0e8b05b\" data-element_type=\"section\">\n\t\t\t\t\t\t<div class=\"elementor-container elementor-column-gap-default\">\n\t\t\t\t\t<div class=\"elementor-column elementor-col-100 elementor-top-column elementor-element elementor-element-026d965\" data-id=\"026d965\" data-element_type=\"column\">\n\t\t\t<div class=\"elementor-widget-wrap elementor-element-populated\">\n\t\t\t\t\t\t\t\t<div class=\"elementor-element elementor-element-787914c elementor-widget elementor-widget-heading\" data-id=\"787914c\" data-element_type=\"widget\" data-widget_type=\"heading.default\">\n\t\t\t\t<div class=\"elementor-widget-container\">\n\t\t\t<h3 class=\"elementor-heading-title elementor-size-default\">C o n t e n i d o<\/h3>\t\t<\/div>\n\t\t\t\t<\/div>\n\t\t\t\t\t<\/div>\n\t\t<\/div>\n\t\t\t\t\t\t\t<\/div>\n\t\t<\/section>\n\t\t\t\t<section class=\"elementor-section elementor-top-section elementor-element elementor-element-ace0156 elementor-section-boxed elementor-section-height-default elementor-section-height-default\" data-id=\"ace0156\" data-element_type=\"section\">\n\t\t\t\t\t\t<div class=\"elementor-container elementor-column-gap-default\">\n\t\t\t\t\t<div class=\"elementor-column elementor-col-100 elementor-top-column elementor-element elementor-element-5661ee9\" data-id=\"5661ee9\" data-element_type=\"column\">\n\t\t\t<div class=\"elementor-widget-wrap elementor-element-populated\">\n\t\t\t\t\t\t\t\t<section class=\"elementor-section elementor-inner-section elementor-element elementor-element-d118073 elementor-section-boxed elementor-section-height-default elementor-section-height-default\" data-id=\"d118073\" data-element_type=\"section\">\n\t\t\t\t\t\t<div class=\"elementor-container elementor-column-gap-default\">\n\t\t\t\t\t<div class=\"elementor-column elementor-col-50 elementor-inner-column elementor-element elementor-element-1a99d1a\" data-id=\"1a99d1a\" data-element_type=\"column\">\n\t\t\t<div class=\"elementor-widget-wrap elementor-element-populated\">\n\t\t\t\t\t\t\t\t<div class=\"elementor-element elementor-element-91b818c elementor-widget elementor-widget-text-editor\" data-id=\"91b818c\" data-element_type=\"widget\" data-widget_type=\"text-editor.default\">\n\t\t\t\t<div class=\"elementor-widget-container\">\n\t\t\t<style>\/*! elementor - v3.11.1 - 15-02-2023 *\/\n.elementor-widget-text-editor.elementor-drop-cap-view-stacked .elementor-drop-cap{background-color:#818a91;color:#fff}.elementor-widget-text-editor.elementor-drop-cap-view-framed .elementor-drop-cap{color:#818a91;border:3px solid;background-color:transparent}.elementor-widget-text-editor:not(.elementor-drop-cap-view-default) .elementor-drop-cap{margin-top:8px}.elementor-widget-text-editor:not(.elementor-drop-cap-view-default) .elementor-drop-cap-letter{width:1em;height:1em}.elementor-widget-text-editor .elementor-drop-cap{float:left;text-align:center;line-height:1;font-size:50px}.elementor-widget-text-editor .elementor-drop-cap-letter{display:inline-block}<\/style>\t\t\t\t<p><b>El co-narrador de Distancia de rescate: una identidad que se construye entre la omnisciencia y la materialidad.<br \/><\/b><i>Noelia Ca\u00f1adas<\/i><br \/>En este art\u00edculo, Noelia Ca\u00f1adas busca describir al co-narrador de la novela Distancia de Rescate (2014) de Samanta Schweblin. Para ello, utiliza, adem\u00e1s de los pasajes literarios propios de la obra, los aportes referidos al an\u00e1lisis narratol\u00f3gico de Gerard Genette, la enso\u00f1aci\u00f3n en la narrativa propuesta por Luciana Sastre y la deconstrucci\u00f3n de la ilusi\u00f3n realista del narrador, retomada de las<br \/>publicaciones de Patricia Mart\u00ednez Garc\u00eda.<\/p><p>\u00a0<\/p><p>\u00a0<\/p><p><b>El racismo estructural en Argentina: una aproximaci\u00f3n hist\u00f3rica.<\/b><br \/><i>Maximiliano Tapia<\/i><br \/>En este art\u00edculo se reflexiona sobre la forma en la que se construy\u00f3 la identidad del \u201cser argentino\u201d. Para ello, rastrea las pr\u00e1cticas racistas presentes en la sociedad actual para, a partir de all\u00ed, realizar un recorrido hist\u00f3rico desde la \u00e9poca de la colonizaci\u00f3n hasta hoy y develar los intereses pol\u00edticos y econ\u00f3micos en los que se sustentan.<\/p><p>\u00a0<\/p><p><b>Laiseca y el realismo delirante.<\/b><br \/><i>Nicol\u00e1s Diz<\/i><br \/>El autor de este art\u00edculo traza de manera exhaustiva el perfil de Laiseca, autor que nos envuelve en una ficci\u00f3n ex\u00f3tica de culto y \u201cmala escritura\u201d basadas en relaciones tormentosas de su ni\u00f1ez. Para lograrlo, realiza un recorrido por el contexto hist\u00f3rico literario en el que surge como narrador, describe y ejemplifica con sus obras el \u201cRealismo delirante\u201d, corriente en la que se destac\u00f3.<\/p><p>\u00a0<\/p>\t\t\t\t\t\t<\/div>\n\t\t\t\t<\/div>\n\t\t\t\t\t<\/div>\n\t\t<\/div>\n\t\t\t\t<div class=\"elementor-column elementor-col-50 elementor-inner-column elementor-element elementor-element-800287a\" data-id=\"800287a\" data-element_type=\"column\">\n\t\t\t<div class=\"elementor-widget-wrap elementor-element-populated\">\n\t\t\t\t\t\t\t\t<div class=\"elementor-element elementor-element-15312d6 elementor-widget elementor-widget-text-editor\" data-id=\"15312d6\" data-element_type=\"widget\" data-widget_type=\"text-editor.default\">\n\t\t\t\t<div class=\"elementor-widget-container\">\n\t\t\t\t\t\t\t<p><b>Contexto y repercusiones de la Ley de Educaci\u00f3n Com\u00fan 1420<\/b><br \/><i>Florencia Franco<\/i><br \/>En el presente art\u00edculo asistimos a un an\u00e1lisis de las caracter\u00edsticas que tiene la escuela argentina como instituci\u00f3n desde sus or\u00edgenes situados en el momento en que se produce la conformaci\u00f3n del Estado Nacional. Adem\u00e1s, intenta determinar el impacto que tuvo en esta y en sus pr\u00e1cticas la sanci\u00f3n de la Ley de Educaci\u00f3n Com\u00fan 1420.<\/p><p>\u00a0<\/p><p><b>Reivindicar el valor de la mujer. Proceso evolutivo de la variante l\u00e9xica mina.<\/b><br \/><i>Mayra Nievas<\/i><br \/>En este art\u00edculo se realiza un recorrido hist\u00f3rico donde se busca desentra\u00f1ar los or\u00edgenes de la palabra \u201cmina\u201d, la manera en la que su significado se ha visto modificado con el paso del tiempo y el valor que le ha sido asignado socialmente a la persona que es llamada de ese modo. Adem\u00e1s, se expone una reflexi\u00f3n sobre la importancia de abordar este tema en los espacios destinados a la educaci\u00f3n para visibilizar y desnaturalizar ciertas pr\u00e1cticas culturalmente arraigadas.<\/p>\t\t\t\t\t\t<\/div>\n\t\t\t\t<\/div>\n\t\t\t\t\t<\/div>\n\t\t<\/div>\n\t\t\t\t\t\t\t<\/div>\n\t\t<\/section>\n\t\t\t\t\t<\/div>\n\t\t<\/div>\n\t\t\t\t\t\t\t<\/div>\n\t\t<\/section>\n\t\t\t\t<section class=\"elementor-section elementor-top-section elementor-element elementor-element-298ab0b elementor-section-boxed elementor-section-height-default elementor-section-height-default\" data-id=\"298ab0b\" data-element_type=\"section\">\n\t\t\t\t\t\t<div class=\"elementor-container elementor-column-gap-default\">\n\t\t\t\t\t<div class=\"elementor-column elementor-col-100 elementor-top-column elementor-element elementor-element-595806a\" data-id=\"595806a\" data-element_type=\"column\">\n\t\t\t<div class=\"elementor-widget-wrap elementor-element-populated\">\n\t\t\t\t\t\t\t\t<div class=\"elementor-element elementor-element-efb0e13 elementor-icon-list--layout-traditional elementor-list-item-link-full_width elementor-widget elementor-widget-icon-list\" data-id=\"efb0e13\" data-element_type=\"widget\" data-widget_type=\"icon-list.default\">\n\t\t\t\t<div class=\"elementor-widget-container\">\n\t\t\t\t\t<ul class=\"elementor-icon-list-items\">\n\t\t\t\t\t\t\t<li class=\"elementor-icon-list-item\">\n\t\t\t\t\t\t\t\t\t\t\t<a href=\"https:\/\/drive.google.com\/file\/d\/1EERcOoHCTEJENbAmqiCwLUcy-Lv5OPEI\/view?usp=sharing\" target=\"_blank\">\n\n\t\t\t\t\t\t\t\t\t\t\t\t<span class=\"elementor-icon-list-icon\">\n\t\t\t\t\t\t\t<i aria-hidden=\"true\" class=\"fas fa-arrow-alt-circle-down\"><\/i>\t\t\t\t\t\t<\/span>\n\t\t\t\t\t\t\t\t\t\t<span class=\"elementor-icon-list-text\">Descargar PDF<\/span>\n\t\t\t\t\t\t\t\t\t\t\t<\/a>\n\t\t\t\t\t\t\t\t\t<\/li>\n\t\t\t\t\t\t<\/ul>\n\t\t\t\t<\/div>\n\t\t\t\t<\/div>\n\t\t\t\t\t<\/div>\n\t\t<\/div>\n\t\t\t\t\t\t\t<\/div>\n\t\t<\/section>\n\t\t\t\t\t\t\t<\/div>\n\t\t","protected":false},"excerpt":{"rendered":"<p>Descargar PDF A\u00f1o 6. N\u00famero 6. Septiembre 2022 C o n t e n i d o El co-narrador de Distancia de rescate: una identidad que se construye entre la omnisciencia y la materialidad.Noelia Ca\u00f1adasEn este art\u00edculo, Noelia Ca\u00f1adas busca describir al co-narrador de la novela Distancia de Rescate (2014) de Samanta Schweblin. Para ello, [&hellip;]<\/p>\n","protected":false},"author":3,"featured_media":0,"parent":0,"menu_order":0,"comment_status":"closed","ping_status":"closed","template":"","meta":{"footnotes":""},"class_list":["post-2335","page","type-page","status-publish","hentry"],"_links":{"self":[{"href":"https:\/\/ifdcregina.edu.ar\/sitio\/wp-json\/wp\/v2\/pages\/2335","targetHints":{"allow":["GET"]}}],"collection":[{"href":"https:\/\/ifdcregina.edu.ar\/sitio\/wp-json\/wp\/v2\/pages"}],"about":[{"href":"https:\/\/ifdcregina.edu.ar\/sitio\/wp-json\/wp\/v2\/types\/page"}],"author":[{"embeddable":true,"href":"https:\/\/ifdcregina.edu.ar\/sitio\/wp-json\/wp\/v2\/users\/3"}],"replies":[{"embeddable":true,"href":"https:\/\/ifdcregina.edu.ar\/sitio\/wp-json\/wp\/v2\/comments?post=2335"}],"version-history":[{"count":19,"href":"https:\/\/ifdcregina.edu.ar\/sitio\/wp-json\/wp\/v2\/pages\/2335\/revisions"}],"predecessor-version":[{"id":5351,"href":"https:\/\/ifdcregina.edu.ar\/sitio\/wp-json\/wp\/v2\/pages\/2335\/revisions\/5351"}],"wp:attachment":[{"href":"https:\/\/ifdcregina.edu.ar\/sitio\/wp-json\/wp\/v2\/media?parent=2335"}],"curies":[{"name":"wp","href":"https:\/\/api.w.org\/{rel}","templated":true}]}}