{"id":1440,"date":"2021-11-30T20:41:11","date_gmt":"2021-11-30T23:41:11","guid":{"rendered":"https:\/\/ifdcregina.edu.ar\/sitio\/?page_id=1440"},"modified":"2021-11-30T21:39:50","modified_gmt":"2021-12-01T00:39:50","slug":"promocion-de-los-derechos-de-las-personas-con-discapacidad","status":"publish","type":"page","link":"https:\/\/ifdcregina.edu.ar\/sitio\/promocion-de-los-derechos-de-las-personas-con-discapacidad\/","title":{"rendered":"Promoci\u00f3n de los derechos de las Personas con Discapacidad"},"content":{"rendered":"\t\t<div data-elementor-type=\"wp-page\" data-elementor-id=\"1440\" class=\"elementor elementor-1440\">\n\t\t\t\t\t\t\t\t\t<section class=\"elementor-section elementor-top-section elementor-element elementor-element-3b62b5e elementor-section-boxed elementor-section-height-default elementor-section-height-default\" data-id=\"3b62b5e\" data-element_type=\"section\">\n\t\t\t\t\t\t<div class=\"elementor-container elementor-column-gap-default\">\n\t\t\t\t\t<div class=\"elementor-column elementor-col-100 elementor-top-column elementor-element elementor-element-8a0b96a\" data-id=\"8a0b96a\" data-element_type=\"column\">\n\t\t\t<div class=\"elementor-widget-wrap elementor-element-populated\">\n\t\t\t\t\t\t\t\t<div class=\"elementor-element elementor-element-68c7606 elementor-widget elementor-widget-heading\" data-id=\"68c7606\" data-element_type=\"widget\" data-widget_type=\"heading.default\">\n\t\t\t\t<div class=\"elementor-widget-container\">\n\t\t\t<style>\/*! elementor - v3.11.1 - 15-02-2023 *\/\n.elementor-heading-title{padding:0;margin:0;line-height:1}.elementor-widget-heading .elementor-heading-title[class*=elementor-size-]>a{color:inherit;font-size:inherit;line-height:inherit}.elementor-widget-heading .elementor-heading-title.elementor-size-small{font-size:15px}.elementor-widget-heading .elementor-heading-title.elementor-size-medium{font-size:19px}.elementor-widget-heading .elementor-heading-title.elementor-size-large{font-size:29px}.elementor-widget-heading .elementor-heading-title.elementor-size-xl{font-size:39px}.elementor-widget-heading .elementor-heading-title.elementor-size-xxl{font-size:59px}<\/style><h2 class=\"elementor-heading-title elementor-size-default\">Producciones realizadas desde la carrera del Profesorado de Educaci\u00f3n Especial, del IFDC de Villa Regina, nos sumamos a la semana por la Promoci\u00f3n de los derechos de las personas con discapacidad que instituy\u00f3 la Agencia Nacional de Discapacidad (Resol. 1551\/21) puntualizando el principio de Inclusi\u00f3n educativa.<\/h2>\t\t<\/div>\n\t\t\t\t<\/div>\n\t\t\t\t\t<\/div>\n\t\t<\/div>\n\t\t\t\t\t\t\t<\/div>\n\t\t<\/section>\n\t\t\t\t\t\t\t<\/div>\n\t\t","protected":false},"excerpt":{"rendered":"<p>Producciones realizadas desde la carrera del Profesorado de Educaci\u00f3n Especial, del IFDC de Villa Regina, nos sumamos a la semana por la Promoci\u00f3n de los derechos de las personas con discapacidad que instituy\u00f3 la Agencia Nacional de Discapacidad (Resol. 1551\/21) puntualizando el principio de Inclusi\u00f3n educativa. Promoci\u00f3n de la Accesibilidad Compartimos m\u00e1s producciones realizadas desde [&hellip;]<\/p>\n","protected":false},"author":1,"featured_media":0,"parent":0,"menu_order":0,"comment_status":"closed","ping_status":"closed","template":"","meta":{"footnotes":""},"class_list":["post-1440","page","type-page","status-publish","hentry"],"_links":{"self":[{"href":"https:\/\/ifdcregina.edu.ar\/sitio\/wp-json\/wp\/v2\/pages\/1440","targetHints":{"allow":["GET"]}}],"collection":[{"href":"https:\/\/ifdcregina.edu.ar\/sitio\/wp-json\/wp\/v2\/pages"}],"about":[{"href":"https:\/\/ifdcregina.edu.ar\/sitio\/wp-json\/wp\/v2\/types\/page"}],"author":[{"embeddable":true,"href":"https:\/\/ifdcregina.edu.ar\/sitio\/wp-json\/wp\/v2\/users\/1"}],"replies":[{"embeddable":true,"href":"https:\/\/ifdcregina.edu.ar\/sitio\/wp-json\/wp\/v2\/comments?post=1440"}],"version-history":[{"count":10,"href":"https:\/\/ifdcregina.edu.ar\/sitio\/wp-json\/wp\/v2\/pages\/1440\/revisions"}],"predecessor-version":[{"id":1466,"href":"https:\/\/ifdcregina.edu.ar\/sitio\/wp-json\/wp\/v2\/pages\/1440\/revisions\/1466"}],"wp:attachment":[{"href":"https:\/\/ifdcregina.edu.ar\/sitio\/wp-json\/wp\/v2\/media?parent=1440"}],"curies":[{"name":"wp","href":"https:\/\/api.w.org\/{rel}","templated":true}]}}

Promoción de los derechos de las Personas con Discapacidad

<div data-elementor-type="wp-page" data-elementor-id="1440" class="elementor elementor-1440">
									<section class="elementor-section elementor-top-section elementor-element elementor-element-3b62b5e elementor-section-boxed elementor-section-height-default elementor-section-height-default" data-id="3b62b5e" data-element_type="section">
						<div class="elementor-container elementor-column-gap-default">
					<div class="elementor-column elementor-col-100 elementor-top-column elementor-element elementor-element-8a0b96a" data-id="8a0b96a" data-element_type="column">
			<div class="elementor-widget-wrap elementor-element-populated">
								<div class="elementor-element elementor-element-68c7606 elementor-widget elementor-widget-heading" data-id="68c7606" data-element_type="widget" data-widget_type="heading.default">
				<div class="elementor-widget-container">
			<style>/*! elementor - v3.11.1 - 15-02-2023 */
.elementor-heading-title{padding:0;margin:0;line-height:1}.elementor-widget-heading .elementor-heading-title[class*=elementor-size-]>a{color:inherit;font-size:inherit;line-height:inherit}.elementor-widget-heading .elementor-heading-title.elementor-size-small{font-size:15px}.elementor-widget-heading .elementor-heading-title.elementor-size-medium{font-size:19px}.elementor-widget-heading .elementor-heading-title.elementor-size-large{font-size:29px}.elementor-widget-heading .elementor-heading-title.elementor-size-xl{font-size:39px}.elementor-widget-heading .elementor-heading-title.elementor-size-xxl{font-size:59px}</style><h2 class="elementor-heading-title elementor-size-default">Producciones realizadas desde la carrera del Profesorado de Educación Especial, del IFDC de Villa Regina, nos sumamos a la semana por la Promoción de los derechos de las personas con discapacidad que instituyó la Agencia Nacional de Discapacidad (Resol. 1551/21) puntualizando el principio de Inclusión educativa.</h2>		</div>
				</div>
					</div>
		</div>
							</div>
		</section>
							</div>

<p>Producciones realizadas desde la carrera del Profesorado de Educación Especial, del IFDC de Villa Regina, nos sumamos a la semana por la Promoción de los derechos de las personas con discapacidad que instituyó la Agencia Nacional de Discapacidad (Resol. 1551/21) puntualizando el principio de Inclusión educativa. Promoción de la Accesibilidad Compartimos más producciones realizadas desde [&hellip;]</p>
